{"id":1036,"date":"2021-03-05T12:07:49","date_gmt":"2021-03-05T12:07:49","guid":{"rendered":"https:\/\/centrehelios.org\/publication\/lenergie-eolienne-et-les-exportations-delectricite-du-quebec\/"},"modified":"2021-11-02T17:38:11","modified_gmt":"2021-11-02T17:38:11","slug":"lenergie-eolienne-et-les-exportations-delectricite-du-quebec","status":"publish","type":"publication","link":"https:\/\/centrehelios.org\/fr\/publication\/lenergie-eolienne-et-les-exportations-delectricite-du-quebec\/","title":{"rendered":"L'\u00e9nergie \u00e9olienne et les exportations d'\u00e9lectricit\u00e9 du Qu\u00e9bec"},"content":{"rendered":"<p>L'\u00e9nergie \u00e9olienne et les exportations d'\u00e9lectricit\u00e9 du Qu\u00e9bec<\/p>","protected":false},"featured_media":0,"template":"","publication_type":[],"publication_topic":[48,19],"_links":{"self":[{"href":"https:\/\/centrehelios.org\/fr\/wp-json\/wp\/v2\/publication\/1036"}],"collection":[{"href":"https:\/\/centrehelios.org\/fr\/wp-json\/wp\/v2\/publication"}],"about":[{"href":"https:\/\/centrehelios.org\/fr\/wp-json\/wp\/v2\/types\/publication"}],"wp:attachment":[{"href":"https:\/\/centrehelios.org\/fr\/wp-json\/wp\/v2\/media?parent=1036"}],"wp:term":[{"taxonomy":"publication_type","embeddable":true,"href":"https:\/\/centrehelios.org\/fr\/wp-json\/wp\/v2\/publication_type?post=1036"},{"taxonomy":"publication_topic","embeddable":true,"href":"https:\/\/centrehelios.org\/fr\/wp-json\/wp\/v2\/publication_topic?post=1036"}],"curies":[{"name":"wp","href":"https:\/\/api.w.org\/{rel}","templated":true}]}}

L'énergie éolienne et les exportations d'électricité du Québec

<p>L'énergie éolienne et les exportations d'électricité du Québec</p>
