{"id":919,"date":"2021-03-05T12:07:11","date_gmt":"2021-03-05T12:07:11","guid":{"rendered":"https:\/\/centrehelios.org\/publication\/avis-sur-les-mesures-susceptibles-dameliorer-les-pratiques-tarifaires-dans-le-domaine-de-lelectricite-et-du-gaz-naturel\/"},"modified":"2021-11-02T17:38:11","modified_gmt":"2021-11-02T17:38:11","slug":"avis-sur-les-mesures-susceptibles-dameliorer-les-pratiques-tarifaires-dans-le-domaine-de-lelectricite-et-du-gaz-naturel","status":"publish","type":"publication","link":"https:\/\/centrehelios.org\/fr\/publication\/avis-sur-les-mesures-susceptibles-dameliorer-les-pratiques-tarifaires-dans-le-domaine-de-lelectricite-et-du-gaz-naturel\/","title":{"rendered":"Avis sur les mesures susceptibles d'am\u00e9liorer les pratiques tarifaires dans le domaine de l'\u00e9lectricit\u00e9 et du gaz naturel"},"content":{"rendered":"<p>Avis sur les mesures susceptibles d'am\u00e9liorer les pratiques tarifaires dans le domaine de l'\u00e9lectricit\u00e9 et du gaz naturel<\/p>","protected":false},"featured_media":0,"template":"","publication_type":[],"publication_topic":[44,48,15],"_links":{"self":[{"href":"https:\/\/centrehelios.org\/fr\/wp-json\/wp\/v2\/publication\/919"}],"collection":[{"href":"https:\/\/centrehelios.org\/fr\/wp-json\/wp\/v2\/publication"}],"about":[{"href":"https:\/\/centrehelios.org\/fr\/wp-json\/wp\/v2\/types\/publication"}],"wp:attachment":[{"href":"https:\/\/centrehelios.org\/fr\/wp-json\/wp\/v2\/media?parent=919"}],"wp:term":[{"taxonomy":"publication_type","embeddable":true,"href":"https:\/\/centrehelios.org\/fr\/wp-json\/wp\/v2\/publication_type?post=919"},{"taxonomy":"publication_topic","embeddable":true,"href":"https:\/\/centrehelios.org\/fr\/wp-json\/wp\/v2\/publication_topic?post=919"}],"curies":[{"name":"wp","href":"https:\/\/api.w.org\/{rel}","templated":true}]}}

Avis sur les mesures susceptibles d'améliorer les pratiques tarifaires dans le domaine de l'électricité et du gaz naturel

<p>Avis sur les mesures susceptibles d'améliorer les pratiques tarifaires dans le domaine de l'électricité et du gaz naturel</p>
